35*q - 27*q = -14*q - 23232. Calculate the remainder when q is divided by 158.
10
Calculate the remainder when 48 is divided by (957/(-44))/29*-4.
0
Let n = -376 + 376. Let h(g) = -g**2 - 17*g + 17. Suppose -3*t - f + 22 = 0, 4*t = -0*f + 2*f + 16. What is the remainder when h(n) is divided by t?
5
Let l be (6 - 1) + -1 + 0 + 1. Suppose 0 = -l*q - 10, 0 = 3*o - 0*q - 5*q - 34. Calculate the remainder when 37 is divided by o.
5
Let l(m) = m**3 + 32*m**2 + 85*m + 788. Let t(v) = 30*v - 1. Calculate the remainder when t(5) is divided by l(-30).
35
Let w(h) = 2*h - 8. Suppose -6*u + 5*u = -18. What is the remainder when 75 is divided by w(u)?
19
Suppose -z = -7*z + 18. Let v = 301 + -296. What is the remainder when v is divided by z?
2
Suppose -30 = 127028*z - 127034*z. What is the remainder when 2949 is divided by z?
4
Calculate the remainder when (18822/1)/((-29)/(464/(-32))) is divided by 5.
1
Suppose 0 = 5*w - 5, 9 = r + 5*w - 10. Let f = 14 - 36. Let j = f + 49. What is the remainder when j is divided by r?
13
Let i(u) = 3 - u**3 + 14*u**2 - 6*u - 18 - 2. What is the remainder when i(13) is divided by (22 - 2) + -1 - -1?
14
Suppose 0 = -13*b + 5614 - 557. Suppose q - b = 3*c, 3*c + 3*q = 6*q - 387. Calculate the remainder when 69 is divided by 5/((-25)/c) - 2.
21
Let s = 3 - 3. Suppose 3*b + 6 = 0, s*v = v + b - 13. Suppose -x - 4*x = 5*i - v, 0 = -2*i. What is the remainder when 16 is divided by x?
1
Let g be (1 + -2)/((-45)/2475*(0 - -1)). Let q(t) = t**3 + 4*t**2 - 11*t - 8. Let y be q(-8). Calculate the remainder when (-15 + 0)*y/g is divided by 13.
9
Let r = 6 + -4. Suppose -12 = h - r*h. Calculate the remainder when h is divided by (-42 + 44)*(-6 + 10).
4
Let i(a) = -5*a**2 + 6*a + 2. Let o(t) = t**2 - t. Let v(y) = i(y) + 4*o(y). Let w be v(-1). Calculate the remainder when 46 is divided by w/(4/12)*48/(-9).
14
Suppose -56 = -5*i - 16. Suppose -99*u + 96*u + 2*o + 307 = 0, 2*u - 5*o - 212 = 0. Calculate the remainder when u is divided by i.
5
Let y = -292 - -306. Let n = 622 - 385. What is the remainder when n is divided by y?
13
Let q(k) = -k - 3. Suppose 454 = 15*b - 13*b. Suppose 3*u = -u + 2*g + 196, 5*u = -2*g + b. Calculate the remainder when u is divided by q(-10).
5
Suppose -k + 67 - 25 = 0. What is the remainder when (9*7/k)/(2/8) is divided by ((-3)/(-6))/(2/20)?
1
Let i(j) = 1 + 3*j**2 + 3*j + 3 - 2*j**2 + 13. What is the remainder when i(9) is divided by 42?
41
Suppose 4*z - 383 = -147. Calculate the remainder when z is divided by 8*(-42)/((-357)/17).
11
Let s = 260 + -255. Suppose -4*n + 86 = 2*g + 12, 5*n = -s*g + 95. Calculate the remainder when 700 is divided by n.
16
Suppose -97*s - 851499 = -394*s. Calculate the remainder when s is divided by 99.
95
Let z = 4787 - 4772. Calculate the remainder when 53 is divided by z.
8
Suppose 2*l - 70 = 306*t - 304*t, 2*t - 2 = -l. What is the remainder when 1/((-1)/(-83)) - 0 is divided by l?
11
What is the remainder when 110 is divided by -3*(-32 - (-10 - -14))?
2
Let g = 23639 + -23626. Calculate the remainder when 1633 is divided by g.
8
Suppose -12*t + 205 + 59 = 0. Suppose -963 - 71 = -t*p. Calculate the remainder when p is divided by 24.
23
Suppose 0 = 87*w - 477 - 393. What is the remainder when 165 is divided by w?
5
Calculate the remainder when 195 is divided by ((-322)/(-21) + -14)/(2/6).
3
Let s = -1 + 4. Suppose 0 = s*y - 78 - 18. Calculate the remainder when (18/(-21)*-1)/((-148)/(-10360)) is divided by y.
28
Suppose 5*c - 26 = 4*r, -c - 11*r = -6*r + 18. Suppose -3*x = -4*f + 891, c*f + 871 = 6*f + x. Calculate the remainder when f is divided by 55.
54
Let j = 7684 - 7336. Calculate the remainder when j is divided by 31.
7
Let j be 10/(-4)*(1 - 3). Suppose 20*v - 2*l + 20 = 21*v, 3*v - 49 = j*l. Calculate the remainder when 35 is divided by v.
17
Suppose -11*b = z - 15*b - 37, -5*z + 147 = -b. Calculate the remainder when 747 is divided by z.
22
Let l(u) = -u**2 + 5*u + 10. Let c be l(6). Suppose -77 = c*v - 11*v. Let b = v - -14. Calculate the remainder when b is divided by 17.
8
Suppose 0 = -32*d + 1015 + 17097. Suppose -7*u + d - 559 = 0. What is the remainder when 12 is divided by u?
0
Suppose 20*z = 38888 - 588. Suppose 51*c - z = 1604. Calculate the remainder when 270 is divided by c.
63
Let i(x) = 12*x**3 + x - 1. Let q(a) be the second derivative of a**3/2 + 4*a**2 + 2*a. What is the remainder when q(5) is divided by i(1)?
11
Suppose -1507 = -20*w + 9*w. Let b = 234 - w. Let i = -14 - -31. Calculate the remainder when b is divided by i.
12
Let t = -7674 + 7700. Calculate the remainder when 1323 is divided by t.
23
Let v be 1*2*(21 - -3). What is the remainder when 8/((-128)/(-5640))*9/(90/4) is divided by (-1 + -9)*v/(-10)?
45
Let d = 348 - 326. Suppose 0 = u + 3, 0 = 2*k + 3*u - d - 27. Calculate the remainder when 345 is divided by k.
26
Let p(r) = 68*r + 1820. Calculate the remainder when p(74) is divided by 11.
10
Let z be (-11)/(-3) - (69/9 + -8). Suppose -z*s - s = -215. Suppose -2*o = 2*o + 4*f - 84, -3*o + s = -2*f. What is the remainder when 64 is divided by o?
13
Suppose -1046 = 101*c - 4035 - 2061. What is the remainder when 96 is divided by c?
46
Suppose 3*h = -n - 18 - 67, -4*n + 2*h - 354 = 0. Let b = n + 97. Suppose -b*g + 12 + 33 = 0. Calculate the remainder when 69 is divided by g.
4
Let o(d) = d**3 - 5*d**2 + 4*d - 6. What is the remainder when 43590/330 + (-6)/(-1) - 5/55 is divided by o(5)?
12
Calculate the remainder when (-335 + 4)/((-6)/6) is divided by 49.
37
Suppose -3*j = -2*z - 167, 2*j - 7*j + 280 = -3*z. Calculate the remainder when 290 is divided by j.
54
Let g(m) = 7*m + 51. Let w be g(-7). Suppose -a = -2*r - 104, 7*a - 6*a = -w*r + 92. Calculate the remainder when a is divided by 20.
18
Suppose -5*l - 22 = -12. Let b be (0 - l) + -3 + 6. Suppose -b*c = -152 - 263. What is the remainder when c is divided by 17?
15
Let f(v) = -v**2 - 6*v + 4. Let l be f(-6). Suppose -l*u + 5*u + 5*q - 71 = 0, -4*q = -5*u + 210. Calculate the remainder when u is divided by 13.
7
Let y(n) = -2*n**3 - 39*n**2 - 138*n + 10. What is the remainder when 10008 is divided by y(-15)?
53
Let f(k) = 76*k**2 - 475*k + 1405. What is the remainder when f(3) is divided by 43?
19
Let f be 28*((-15)/10 - 0). Let c = f - -57. Suppose -12*t + c*t - 45 = 0. Calculate the remainder when 28 is divided by t.
13
Let j be (-8)/16*30/(-5). Suppose 2*s - 61 = j*g - 20, -2*s = -4*g - 38. What is the remainder when 248 is divided by s?
23
Let v(j) = -299*j - 181. What is the remainder when 271 is divided by v(-1)?
35
Let b = -39 + 55. Let h be (344/(-12))/(2/(-3)). What is the remainder when h*1 - (-5)/((-45)/18) is divided by b?
9
Suppose 2*g - 39 = 47. Let p = 27 - 16. Suppose -194*m - p = -195*m. Calculate the remainder when g is divided by m.
10
Suppose 48 = 2*g + 2*g. Suppose 0*w - a = -3*w + 189, 3*a + 177 = 3*w. What is the remainder when w is divided by g?
5
Suppose -2 = -l + 16. Let b = 59284 - 59199. What is the remainder when b is divided by l?
13
Let h(a) = -a**3 + 3*a**2 + 2*a + 6. Let b be h(4). Let f(k) = 2*k**2 + 7. Let l be f(-5). Let i = l - b. Calculate the remainder when 174 is divided by i.
56
Let u(n) = -12*n**2 + 2*n - 2. Let o be u(-2). Let b(g) = -g**2 - 51*g + 165. Calculate the remainder when 9/2 - 1/(-2) is divided by b(o).
2
Let k be ((-72)/48)/((-2)/(-464)). Let t = 405 + k. Calculate the remainder when 209 is divided by t.
38
Suppose -14 = -5*w + 131. Let k(t) = t**2 + 15*t + 22. Let b be k(-13). Calculate the remainder when 109/(b + 0 - -5) is divided by w.
22
Let q = -175 - -178. Suppose q*b + 15*b - 1008 = 0. What is the remainder when b is divided by (-9)/6 - (-82)/4?
18
Suppose -6412 = -113*k - 176*k - 1788. What is the remainder when 1373 is divided by k?
13
Let i(b) = -2*b**3 - 7*b**2 - 10*b + 2. Let l be i(-2). Suppose -l*d + 5*d = -50. Calculate the remainder when d is divided by 10.
0
Suppose -39*v = 1315 + 1454. Let n = v - -111. Let i(a) = -a**3 + 9*a**2 + 9*a - 4. What is the remainder when i(6) is divided by n?
38
Let v = -5763 + 5970. What is the remainder when v is divided by 53?
48
Let q = -16309 + 16440. What is the remainder when 916 is divided by q?
130
Let p(f) = f**3 - 17*f**2 + 20*f - 72. Let y be p(17). Calculate the 